. Calculate h(k).
-4
Let c(t) = 4*t - 3*t**2 - t**2 - 6 + 3 + 3*t**2. Suppose -5*s - s = -18. Calculate c(s).
0
Suppose a + 4*u + 3 = 0, 2*u = -4*a - 0*u + 16. Suppose 3*f + 2 - 3 = 2*g, 0 = -g - a. Let n(t) = 3*t. What is n(f)?
-9
Let d = 4 - 0. Suppose -3*b - 2*b + 6 = -d*x, 5*b + 14 = -x. Let p be 6/(12/x - -2). Let h(v) = v**2 + 5*v - 3. Calculate h(p).
3
Let f = 94 - 98. Let z be 26/4 - 1/2. Let c(k) = 0*k - k - z - 5*k + 5*k. Calculate c(f).
-2
Let p(t) = t**2 + t + 1. Let w(k) = 2*k**2 + 3*k + 2. Let h(u) = 5*p(u) - 2*w(u). Suppose -103*r - 6*r - 12 = -12. What is h(r)?
1
Let w(q) = -3*q**3 + 4*q**2 + 2*q - 1. Let r(u) = u**3 - 3*u**2 - u + 1. Let j(y) = -3*r(y) - 2*w(y). Give j(-1).
-2
Let t(x) = -x**3 - 25*x**2 - 5*x - 18. Let z(l) = l**3 + 23*l**2 + 6*l + 17. Let m(q) = 6*t(q) + 7*z(q). Calculate m(-10).
-9
Suppose 0 = -215*k + 210*k + 70. Let l(n) = n - 21. Give l(k).
-7
Let z(s) be the second derivative of -s**6/720 - s**5/40 - 3*s**4/4 - 15*s. Let w(t) be the third derivative of z(t). Give w(-5).
2
Let h(s) = s**3 - 11*s**2 - s + 6. Let c(u) be the first derivative of u**2 - 9*u + 14. Let k be c(10). Give h(k).
-5
Let v(b) = -b**2 + 8*b - 6. Suppose -19 = -3*r - 55. Let t(o) = 17*o**2 + o + 1. Let y be t(-1). Let n = r + y. Determine v(n).
9
Let t(n) = -3*n**2 - 2*n + 1. Let u be (2/(-8))/((-8)/96). Let p be u - (2 + 4 + -4). What is t(p)?
-4
Let d(w) = -w + 41. Let z be d(33). Let x(k) = k**3 - 7*k**2 - 7*k - 9. Determine x(z).
-1
Let j(l) be the second derivative of l**5/20 + l**4/2 - l**3/6 + 6*l**2 + 54*l + 4. Give j(-6).
18
Suppose -n + 13 + 6 = 0. Suppose 0 = -3*v - v + 3*g, -5*v - g = -n. Let o(z) = 19 - 15 + 4*z**2 - 3*z - v*z**2. What is o(3)?
4
Let o(g) = 5*g**3 - g**2 + g - 1. Let p(d) = -d**3 + 8*d**2 - 2*d - 9. Let m be p(8). Let a = -24 - m. Calculate o(a).
4
Let f(h) be the second derivative of 0*h**3 + 1/60*h**5 + 1/360*h**6 + 2*h + 0 + 0*h**2 - 7/12*h**4. Let n(l) be the third derivative of f(l). What is n(3)?
8
Let n(p) = 11*p + 2. Let q(w) = -3*w - 4. Let x(g) = n(g) + 4*q(g). Give x(-13).
-1
Let s(y) = -4*y + 35. Let t be s(8). Let c(q) = 10 + 4*q**2 + 10 + q**3 + 8*q + t*q**2 - 22. Determine c(-6).
-14
Suppose 0 = 5*k - 1 - 4. Let l(t) = -21*t - 8. Let w(s) = 44*s + 18. Let i(o) = 9*l(o) + 4*w(o). Give i(k).
-13
Let h(z) = z**2 + 28 + 21 - 6*z + 25 + 18 - 85. Give h(6).
7
Let w(d) = -3*d**2 - 5*d - 34. Let l(s) be the second derivative of -5*s**4/12 - 4*s**3/3 - 51*s**2/2 + 38*s. Let n(x) = 5*l(x) - 8*w(x). Determine n(0).
17
Let h(i) = 2*i - 6. Let q(v) = -4*v - 53. Let d be q(-15). Suppose d*g = 79 - 16. Give h(g).
12
Let i(v) be the first derivative of -v**3/3 + 7*v**2/2 - 8*v + 402. What is i(6)?
-2
Let i(y) = -y. Let a(q) = 5*q - 2. Let x(g) = a(g) - 2*i(g). Let p = -98 + 100. Determine x(p).
12
Let y(c) = -c**3 - 6*c**2 - 3*c + 3. Let u(t) = -t**3 + 10*t**2 - 4*t + 18. Let v be u(9). Let g = -68 + v. What is y(g)?
-7
Let r be (4/9)/(12/54). Let d(h) = 4*h + 0*h - 8*h + r*h. Give d(-5).
10
Suppose -5*i = -2 - 8. Let j(v) = 0*v**3 + 3*v + 3*v + 8 - i*v**3 + v**3 + 5*v**2. What is j(6)?
8
Suppose g + 8 = -4*l - 4*g, 3*l = g + 13. Let s(k) = -k**3 - 4 - 4*k**3 - 3*k - 3*k**2 + 0 + 6*k**l. Calculate s(3).
-13
Let u(n) be the first derivative of -n + 4 + 1/3*n**3 + 1/2*n**2 + n**4. Let k = -3 - -4. Calculate u(k).
5
Let c(n) = n - 2. Let f = 34 - 37. Let z(o) = -1. Let y(h) = f*z(h) + c(h). Determine y(4).
5
Suppose 0 = -3*v - 7*v - 7*v. Suppose 2*x + v*x = 2*j, 0 = 5*j + 3*x + 8. Let g(c) = -7*c. Determine g(j).
7
Suppose -60 = 18*n - 24*n. Let k(y) = y**3 - 11*y**2 + 11*y - 15. What is k(n)?
-5
Suppose -5*b + 2*b = -3*p - 12, 24 = 5*b - 3*p. Let t(n) = -6 - n + n**3 + 7*n**2 - n + b - 1. What is t(-7)?
13
Let c = -256 - -259. Let l(t) be the first derivative of 1/3*t**3 - 2*t + t**2 - c. What is l(3)?
13
Let c(a) = -a**3 - 15*a**2 + 5*a + 9. Let m be c(-15). Let p be (-3)/((-27)/m)*15/10. Let t(d) = -d**2 - 10*d + 5. Give t(p).
-6
Let u(c) = -7*c + 5. Let a(w) = -3*w + 3. Let r(j) = 5*a(j) - 3*u(j). Suppose -m = 1 - 0. Calculate r(m).
-6
Let u(p) = -6 - p - 2*p**2 + 19*p**2 - 3*p**2 - 9*p**2 - p**3 + 0*p**2. Give u(4).
6
Let s(m) = -11*m**3 + m**2 - 14*m - 13. Let w(i) = 7*i**3 - i**2 + 9*i + 8. Let a(h) = 5*s(h) + 8*w(h). Calculate a(3).
5
Let k(l) = 29*l - 227. Let j be k(8). Let m(q) be the second derivative of j*q**2 + 0 - 1/2*q**3 - q. Determine m(7).
-11
Let z(w) be the second derivative of -9*w**3/2 + w**2/2 - 494*w. What is z(1)?
-26
Let v(k) = -4*k + 3 + 15*k**2 + 14*k**2 - 32*k**2 + 8*k**2 - k**3. What is v(4)?
3
Let k(v) = -2*v + 3. Let s = -19 - -13. Let z be (20/s)/((-8)/(-12)). Calculate k(z).
13
Let a(j) = -4*j**2 + 10*j + 7. Let z(g) = 5*g**2 - 11*g - 7. Let m(i) = -6*a(i) - 5*z(i). Determine m(-6).
-13
Let j = -1109 - -1113. Let k(w) = 4*w - 3. Let p(m) = -5*m + 4. Let h(b) = 6*k(b) + 5*p(b). Give h(j).
-2
Let u(h) = h**3 - 12*h**2 + 11*h. Suppose 13*x = 14*x - 11. Calculate u(x).
0
Let d(v) be the third derivative of -v**6/120 + 7*v**5/60 - v**4/24 - 2*v**3/3 - 260*v**2. Give d(6).
26
Let q(h) be the third derivative of -h**6/120 + h**5/12 + h**4/12 - 4*h**3/3 - 30*h**2 - 2*h. Give q(5).
2
Let a(j) = j**2 - 2*j. Let d be 231/(-70) + 6/20. Give a(d).
15
Let u be (-4)/(-10) - 130/(-50). Suppose -4*s + 5*j - 19 = 0, 0 = u*s - 3*j - 0*j + 15. Let x(d) = -d - 5. Determine x(s).
1
Let t = 11 + -3. Let j(n) = t*n - 18*n + 7*n. Let x be 6/2*2/6. What is j(x)?
-3
Let c(h) = -h - 7. Let i = 315 - 315. Determine c(i).
-7
Suppose -4 = -2*j - u, 3*j - 5*u + u = 28. Let f(s) be the second derivative of 0 + 1/20*s**5 - 1/3*s**3 - 5/2*s**2 - 1/4*s**4 - 3*s. What is f(j)?
3
Let m(u) = 5*u**2 + 22*u + 14. Let d be m(-4). Let j(g) = g + 13. What is j(d)?
19
Let b(g) be the second derivative of 0*g**2 + 0 + 1/6*g**3 + g. Suppose 15 = -5*n + 5*d, 2*n = -3*n + d + 1. What is b(n)?
1
Let q(b) = b**2 + 15*b - 2566 + 0*b**2 + 2530. Determine q(-17).
-2
Let u(j) = -11*j**2 + 14*j - 27*j + 2 - 4*j**2. Let v(o) = -7*o**2 - 6*o + 1. Let w(d) = -6*u(d) + 13*v(d). Give w(-2).
-3
Suppose -2*r - 4 - 6 = 0. Let f(q) = -20*q**2 - 15*q + 32. Let s(x) = -7*x**2 - 5*x + 11. Let v(n) = 6*f(n) - 17*s(n). Determine v(r).
5
Let q(t) be the third derivative of -t**5/60 + t**4/8 - t**3/2 - 14*t**2. Let h(n) = -n**2 + 6*n - 6. Let s(j) = 2*h(j) - 5*q(j). Determine s(2).
9
Let h(a) be the second derivative of 1/24*a**4 + 0 - 2/3*a**3 + 5/2*a**2 - 6*a. Let w(y) be the first derivative of h(y). Give w(-4).
-8
Suppose 2*t = 3*t. Suppose -3*b - 4*l = -8, 5*l + 9 = b - t*b. Let j be ((-6)/4)/(3/b). Let m(z) = 2*z**2 + z - 1. Give m(j).
5
Let x(c) = -16 + 19*c - 2*c - 2*c + 12. Let k(t) = -7*t + 2. Let g(m) = 13*k(m) + 6*x(m). What is g(2)?
0
Let a(k) = -13*k**3 + k**2 - 5*k + 2. Let g(p) = 17*p**3 + p**2 + 5*p - 4. Let d(u) = -4*a(u) - 3*g(u). Suppose 3*r = 6*r - 18. Determine d(r).
-2
Let r be 4/(-1) - (0/(-1) - 1). Let f be (2/r)/(4/42). Let n(u) = -u**2 - 7*u - 10. Determine n(f).
-10
Let h be 4 - (1 - 0/(-5)). Suppose 0*q - 2 = 4*q - h*p, -5*p + 12 = 2*q. Let b(x) = 9*x. Determine b(q).
9
Let p(w) = w - 8. Suppose 0 = 9*b - 3*b. What is p(b)?
-8
Let m(j) = -2 + 4 - j + 2 + 0. Suppose -2*r = 8*p - 7*p - 12, -5*p + 12 = -2*r. What is m(r)?
0
Suppose 0 = -l - l + q + 27, -3*l - 5*q + 8 = 0. Let z(g) = -2*g - l*g**2 + 18*g**2 - 16*g**3 - 1 - 8*g**2. Give z(-1).
16
Suppose 2*t = -x + 12, -3*t = -12*x + 8*x - 7. Let y(u) = -2*u**2 + u + 6. What is y(t)?
-39
Let i(u) = 11*u**2 + 3*u + 3. Let r(x) = -2*x**2 + x. Let l(d) = -i(d) - 6*r(d). Suppose 31 = w + 3*w - 5*v, 5*w - 41 = 4*v. What is l(w)?
-3
Let h(b) = -b**2 - 4*b - 5. Suppose -2*v - 44 = 2*v. Let a = v - -16. Suppose -2*g + a*g = -12. What is h(g)?
-5
Let u(s) be the third derivative of -s**6/120 + s**5/15 + s**4/4 + 3*s**3/2 - 120*s**2 + s. Determine u(6).
-27
Let u(b) = -4*b - 4. Let y(h) = -8*h - 12. Let m(o) = -5*u(o) + 2*y(o). Give m(2).
4
Let h = 2131 - 2121. Let i(g) = -g**2 + 14*g - 21. Give i(h).
19
Let d be 4*((-6)/4 - -2). Suppose -r = 4 + d. Let o be r/8 - (-135)/20. Let n(m) = m**2 - 8*m + 3. Calculate n(o).
-9
Let n(m) be the third derivative of -m**6/120 - 3*m**5/20 - m**4/3 + 3*m**3/2 + 108*m**2. Determine n(-8).
9
Suppose -3*a + 14 = 5*y - 6*a, a + 6 = 3*y. Let i(k